{"id":62,"date":"2015-03-05T09:00:27","date_gmt":"2015-03-05T07:00:27","guid":{"rendered":"http:\/\/www.kbv-middels.de\/WordPress\/?page_id=62"},"modified":"2022-04-09T08:41:30","modified_gmt":"2022-04-09T06:41:30","slug":"chronik-des-kbv-middels","status":"publish","type":"page","link":"https:\/\/www.kbv-middels.de\/WordPress\/kbv\/chronik-des-kbv-middels\/","title":{"rendered":"Chronik des KBV Middels"},"content":{"rendered":"<p style=\"text-align: justify;\" align=\"LEFT\">Der KBV Middels setzt sich nach einem erforderlichen Zusammenschlu\u00df aus den beiden ehemaligen Vereinen BV \u201cPockholz\u201d Ogenbargen und dem BV \u201cSo geid good\u201d Middels-Westerloog zusammen. Die Fusion im Jahre 1994 war erforderlich geworden, da aufgrund der geringen Bev\u00f6lkerungsdichte in dieser Randregion zur Stadt Aurich eine personell befriedigende Abdeckung der Vereinsgef\u00fcge nicht mehr gegeben war. Aus diesem Grund erscheint es erforderlich, zun\u00e4chst die Geschichte der beiden Vereine in voriger Zeit zu beleuchten.<\/p>\n<p><strong>BV \u201cPockholz\u201d Ogenbargen <\/strong><\/p>\n<p style=\"text-align: justify;\" align=\"LEFT\">Gegr\u00fcndet wurde dieser Verein im Jahre 1922 in der damals selbst\u00e4ndigen Gemeinde Middels, Ortsteil Ogenbargen. \u00dcber die Anzahl der Gr\u00fcndungsmitglieder ist nichts mehr bekannt, ebenso liegt keine namentliche Aufstellung vor. Betrieben wurde \u00fcberwiegen das Bo\u00dfeln, das Klootschie\u00dfen hatte einen nicht so hohen Stellenwert.<br \/>\nDas Vereinslokal war bereits zum damaligen Zeitpunkt die Gastst\u00e4tte Gossel (heute Landgasthof Alte Post). Mit Ausbruch des Krieges war nat\u00fcrlich eine Vereinsf\u00fchrung nicht m\u00f6glich, so dass eine Ruhepause entstand. Aufgenommen wurde das Vereinsgeschehen erneut im Jahre 1948, wobei wieder das Bo\u00dfeln im Vordergrund stand. Jedoch nicht nur in sportlicher Hinsicht war der Verein aktiv, sondern war in der Folgezeit auch Ausrichter von Festen mit \u00fcber die Grenzen bekanntem Beliebtheitsgrad. Erinnert werden soll nur z. B. an die gro\u00dfen Heidefest und die Bordfeste, die stets bis zum letzten Platz besucht waren. Jedoch auch vereinsintern wurden viele j\u00e4hrliche Aktivit\u00e4ten durchgef\u00fchrt, wo fast immer alle aus dem gesamten Ortsteil daran teilnahmen.<br \/>\nDie heute bekannten Vereinsvorsitzenden waren:<\/p>\n<p align=\"LEFT\">1. Bernd B\u00fcnting<\/p>\n<p align=\"LEFT\">2. Bernhard Gerken (ca. 35 Jahre durchgehend 1. Vors.)<\/p>\n<p align=\"LEFT\">3. Hinrich Reunitz<\/p>\n<p align=\"LEFT\">4. Wilhelm Gerken<\/p>\n<p align=\"LEFT\">5. Friedrich Mannott.<\/p>\n<p align=\"LEFT\"><strong>BV \u201cSo geid good\u201d Middels Westerloog\u201d <\/strong><\/p>\n<p style=\"text-align: justify;\" align=\"LEFT\">Gegr\u00fcndet wurde der Verein im Jahre 1919 in der Gastst\u00e4tte Rahmann in Middels-Westerloog. In den ersten Jahren gab es nat\u00fcrlich keinen Spielbetrieb, sondern haupts\u00e4chlich wurden Freundschaftswerfen gegen Gruppen aus anderen Gemeinden durchgef\u00fchrt, was nur gar nicht immer so freundschaftlich endete, aber auch schnell wieder vergessen war. Jedoch bereits zu dieser Zeit wurde das Bo\u00dfeln und das Klootschie\u00dfen fast gleichwertig gepflegt. Im Verlauf der Kriegsjahre blieb zwar der Vereinstorso bestehen, aber an Aktivit\u00e4ten war nicht zu denken, diese wurden jedoch sehr schnell nach Kriegsende wieder aufgenommen. Wie immer wieder zu h\u00f6ren ist, war in der Anfangszeit alles mit gro\u00dfen Erschwernissen verbunden, aber gerade dieses habe die Zusammengeh\u00f6rigkeit besonders gest\u00e4rkt. Wenn man bedenkt, dass in den ersten Jahren die Werferstrecke auf der Bundesstra\u00dfe 210 sich befand, so ist dieses heute kaum vorstellbar. Jedoch auch sportliche Erfolge hatte der Verein zu verzeichnen und so war man bereits als aktive M\u00e4nnermannschaft in der Landesliga vertreten. In sportlicher Hinsicht und auch in anderen Bereichen war immer ein gro\u00dfer Zusammenhang gegeben, was sich heute auch noch niederschl\u00e4gt.<br \/>\nDie heute bekannten Vereinsvorsitzenden waren:<\/p>\n<p align=\"LEFT\">1. Johann Janssen<\/p>\n<p align=\"LEFT\">2. Ulfert Rahmann<\/p>\n<p align=\"LEFT\">3. Hans Kollmann<\/p>\n<p align=\"LEFT\">4. Otto Detloff<\/p>\n<p>5. Fritz Kruse<\/p>\n<p align=\"LEFT\">6. Reiner B\u00fcnting (31 Jahre durchgehend 1. Vors., heute Ehrenmitglied u. Tr\u00e4ger der h\u00f6chsten Auszeichnung des FKV)<\/p>\n<p align=\"LEFT\">7. Dirk Gerdes<\/p>\n<p align=\"LEFT\">8. Dieter Loy.<\/p>\n<p align=\"LEFT\"><strong>KBV Middels \u201cOgenbargen-Westerloog\u201d<\/strong><\/p>\n<p style=\"text-align: justify;\" align=\"LEFT\">Wie bereits erw\u00e4hnt, kam es im Jahre 1994 zu der Zusammenlegung beider Vereine, was von allen Mitgliedern fast einstimmig begr\u00fcsst wurde. Man wollte jetzt keine sportlich schlagkr\u00e4ftige Truppe hiermit aus dem Boden stampfen, was bei der Mitgliederzahl der beiden Vereine auch gar nicht m\u00f6glich war. Es sollte eben nur ein breit gef\u00e4chertes Bild f\u00fcr die einzelnen Altersklassen entstehen, um eben Alter und Leistungsbild zu verbinden. Weiter benutzen beide Vereine seit Jahre dieselbe Wurfstrecke von Westerloog in Richtung Spekendorf, wobei es in dieser Hinsicht keiner gro\u00dfen Umstellung bedurfte. Um allen gerecht zu werden wurden beide Vereinslokale \u201cAlte Post\u201d in Ogenbargen und \u201cGastst\u00e4tte Rahmann\u201d in Westerloog als solche beibehalten. Die Vereinsf\u00fchrung wurde von beiden Vereinen durch die ehemaligen Vorsitzenden \u00fcbernommen, und zwar 1. Vorsitzender Dieter Loy und 2. Vorsitzender Friedrich Mannott. Gleich im ersten Jahr konnten sportliche Erfolge erzielt werden, was nat\u00fcrlich eine Best\u00e4tigung der Richtigkeit der Vorgehensweise beider Vereine beinhaltete. Dieses alles f\u00fchrt nat\u00fcrlich zu einer Motivation bei allen Mitgliedern, vor allen Dingen im Bereich der Jugendarbeit und der Nachwuchsf\u00f6rderung. Jedoch auch ausserhalb des sportlichen Bereiches f\u00fchrt der Verein zum heutigen Zeitpunkt intern eine Gro\u00dfzahl von Veranstaltungen durch, die sich gro\u00dfer Beliebtheit erfreuen und eine unumst\u00f6\u00dfliche Vereinsbindung beinhalten.<\/p>\n<p align=\"LEFT\">Die heute bekannten Vereinsvorsitzenden waren \/ sind:<\/p>\n<p align=\"LEFT\">1.\u00a0\u00a0 Dieter Loy (1994 &#8211; 2002)<\/p>\n<p align=\"LEFT\">2.\u00a0 Johann Badberg (2002 &#8211; 2019)<\/p>\n<p align=\"LEFT\">3. Friedrich Mannott (2019 &#8211; 2022)<\/p>\n<p align=\"LEFT\">4. Bianca Meyer (seit 2022)<\/p>\n<p align=\"LEFT\">Der KBV-Middels bedankt sich bei Herrn Jann Thedinga f\u00fcr die Zusammenstellung der o.a. Chronik!!<\/p>\n","protected":false},"excerpt":{"rendered":"<p>Der KBV Middels setzt sich nach einem erforderlichen Zusammenschlu\u00df aus den beiden ehemaligen Vereinen BV \u201cPockholz\u201d Ogenbargen und dem BV \u201cSo geid good\u201d Middels-Westerloog zusammen. Die Fusion im Jahre 1994 war erforderlich geworden, da aufgrund der geringen Bev\u00f6lkerungsdichte in dieser Randregion zur Stadt Aurich eine personell befriedigende Abdeckung der Vereinsgef\u00fcge nicht mehr gegeben war. Aus &hellip; <\/p>\n<p class=\"link-more\"><a href=\"https:\/\/www.kbv-middels.de\/WordPress\/kbv\/chronik-des-kbv-middels\/\" class=\"more-link\"><span class=\"screen-reader-text\">\u201eChronik des KBV Middels\u201c <\/span>weiterlesen<\/a><\/p>\n","protected":false},"author":1,"featured_media":0,"parent":153,"menu_order":0,"comment_status":"closed","ping_status":"closed","template":"","meta":{"_themeisle_gutenberg_block_has_review":false,"footnotes":""},"class_list":["post-62","page","type-page","status-publish","hentry"],"publishpress_future_action":{"enabled":false,"date":"2026-04-23 16:00:15","action":"change-status","newStatus":"draft","terms":[],"taxonomy":"","extraData":[]},"publishpress_future_workflow_manual_trigger":{"enabledWorkflows":[]},"_links":{"self":[{"href":"https:\/\/www.kbv-middels.de\/WordPress\/wp-json\/wp\/v2\/pages\/62","targetHints":{"allow":["GET"]}}],"collection":[{"href":"https:\/\/www.kbv-middels.de\/WordPress\/wp-json\/wp\/v2\/pages"}],"about":[{"href":"https:\/\/www.kbv-middels.de\/WordPress\/wp-json\/wp\/v2\/types\/page"}],"author":[{"embeddable":true,"href":"https:\/\/www.kbv-middels.de\/WordPress\/wp-json\/wp\/v2\/users\/1"}],"replies":[{"embeddable":true,"href":"https:\/\/www.kbv-middels.de\/WordPress\/wp-json\/wp\/v2\/comments?post=62"}],"version-history":[{"count":6,"href":"https:\/\/www.kbv-middels.de\/WordPress\/wp-json\/wp\/v2\/pages\/62\/revisions"}],"predecessor-version":[{"id":8424,"href":"https:\/\/www.kbv-middels.de\/WordPress\/wp-json\/wp\/v2\/pages\/62\/revisions\/8424"}],"up":[{"embeddable":true,"href":"https:\/\/www.kbv-middels.de\/WordPress\/wp-json\/wp\/v2\/pages\/153"}],"wp:attachment":[{"href":"https:\/\/www.kbv-middels.de\/WordPress\/wp-json\/wp\/v2\/media?parent=62"}],"curies":[{"name":"wp","href":"https:\/\/api.w.org\/{rel}","templated":true}]}}