{"id":4720,"date":"2019-09-05T17:08:17","date_gmt":"2019-09-05T15:08:17","guid":{"rendered":"https:\/\/www.kbv-middels.de\/WordPress\/?page_id=4720"},"modified":"2019-11-13T10:07:33","modified_gmt":"2019-11-13T09:07:33","slug":"bosselsaison-20172018-3-3","status":"publish","type":"page","link":"https:\/\/www.kbv-middels.de\/WordPress\/bosselsaison\/bosselsaison-20172018-3-3\/","title":{"rendered":"Bo\u00dfelsaison 2019\/2020"},"content":{"rendered":"<p>Hier k\u00f6nnt Ihr alle Mannschaften des KBV Middels einsehen, die in der Saison 2019\/2020 gestartet sind.<\/p>\n<ul>\n<li><a href=\"https:\/\/bosselergebnis.info\/lkv\/2019-2020\/liga\/m_i_bezirksklasse\" target=\"_blank\" rel=\"noopener noreferrer\">Bezirksklasse MI<\/a><\/li>\n<li><a href=\"https:\/\/bosselergebnis.info\/aur\/2019-2020\/liga\/m_i_kreisklasse\" target=\"_blank\" rel=\"noopener noreferrer\">1. Kreisklasse MI<\/a><\/li>\n<li><a href=\"https:\/\/bosselergebnis.info\/aur\/2019-2020\/liga\/m_ii_kreisliga\" target=\"_blank\" rel=\"noopener noreferrer\">Kreisliga MII<\/a><\/li>\n<li><a href=\"https:\/\/bosselergebnis.info\/lkv\/2019-2020\/liga\/m_iii_landesliga\" target=\"_blank\" rel=\"noopener noreferrer\">Landesliga MIII<\/a><\/li>\n<li><a href=\"https:\/\/bosselergebnis.info\/aur\/2019-2020\/liga\/m_iv_2kreisliga\" target=\"_blank\" rel=\"noopener noreferrer\">2. Kreisliga MIV<\/a><\/li>\n<li><a href=\"https:\/\/bosselergebnis.info\/lkv\/2019-2020\/liga\/w_i_bezirksklasse\" target=\"_blank\" rel=\"noopener noreferrer\">Bezirksklasse FI<\/a><\/li>\n<li><a href=\"https:\/\/bosselergebnis.info\/aur\/2019-2020\/liga\/w_i_1kreisklasse\" target=\"_blank\" rel=\"noopener noreferrer\">1. Kreisklasse FI<\/a><\/li>\n<li><a href=\"https:\/\/bosselergebnis.info\/aur\/2019-2020\/liga\/w_ii_2kreisliga\" target=\"_blank\" rel=\"noopener noreferrer\">2. Kreisliga FII (SG Middels \/ Spekendorf)<\/a><\/li>\n<li><a href=\"https:\/\/bosselergebnis.info\/aur\/2019-2020\/liga\/w_iv_kreisliga\" target=\"_blank\" rel=\"noopener noreferrer\">Kreisliga FIV<\/a><\/li>\n<li><a href=\"https:\/\/bosselergebnis.info\/aur\/2019-2020\/liga\/m_d_1kreisliga\" target=\"_blank\" rel=\"noopener noreferrer\">1. Kreisliga m\u00e4nnl. Jugend D<\/a><\/li>\n<li><a href=\"https:\/\/bosselergebnis.info\/aur\/2019-2020\/liga\/m_e_2kreisliga\" target=\"_blank\" rel=\"noopener noreferrer\">2. Kreisliga m\u00e4nnl. Jugend E<\/a><\/li>\n<li><a href=\"https:\/\/bosselergebnis.info\/aur\/2019-2020\/liga\/m_f_2kreisliga\" target=\"_blank\" rel=\"noopener noreferrer\">2. Kreisliga m\u00e4nnl. Jugend F<\/a><\/li>\n<\/ul>\n\n<\/p>\n<p>Folgende Spielpl\u00e4ne sind online verf\u00fcgbar:<\/p>\n<ul>\n<li><a href=\"http:\/\/lkv-ostfriesland.de\/index.php\/vereinsservice\" target=\"_blank\" rel=\"noopener noreferrer\">Spielpl\u00e4ne LKV Ostfriesland<\/a><\/li>\n<li><a href=\"https:\/\/kvaurich.de\/pages\/bosselsaison.php\" target=\"_blank\" rel=\"noopener noreferrer\">Spielpl\u00e4ne KV Aurich<\/a><\/li>\n<\/ul>\n<p>Werferbestimmungen<\/p>\n<p>Erfahrungsgem\u00e4\u00df \u00e4ndern sich die Spielpl\u00e4ne unmittelbar vor der Saison des \u00d6fteren. Deshalb wird direkt auf die jeweiligen Webseiten verlinkt, die die Spielpl\u00e4ne ver\u00f6ffentlichen. Bitte schaut doch gelegentlich auf die verlinkte Website, um auf den aktuellen Stand zu bleiben.<\/p>\n<p>Verlinkung der <a href=\"https:\/\/bosselergebnis.info\/login\" target=\"_blank\" rel=\"noopener noreferrer\">Ergebniseingabe <\/a>f\u00fcr den KV Aurich \/ LKV Ostfriesland.<\/p>\n","protected":false},"excerpt":{"rendered":"<p>Hier k\u00f6nnt Ihr alle Mannschaften des KBV Middels einsehen, die in der Saison 2019\/2020 gestartet sind. Bezirksklasse MI 1. Kreisklasse MI Kreisliga MII Landesliga MIII 2. Kreisliga MIV Bezirksklasse FI 1. Kreisklasse FI 2. Kreisliga FII (SG Middels \/ Spekendorf) Kreisliga FIV 1. Kreisliga m\u00e4nnl. Jugend D 2. Kreisliga m\u00e4nnl. Jugend E 2. Kreisliga m\u00e4nnl. &hellip; <\/p>\n<p class=\"link-more\"><a href=\"https:\/\/www.kbv-middels.de\/WordPress\/bosselsaison\/bosselsaison-20172018-3-3\/\" class=\"more-link\"><span class=\"screen-reader-text\">\u201eBo\u00dfelsaison 2019\/2020\u201c <\/span>weiterlesen<\/a><\/p>\n","protected":false},"author":1,"featured_media":0,"parent":122,"menu_order":0,"comment_status":"closed","ping_status":"closed","template":"","meta":{"_themeisle_gutenberg_block_has_review":false,"footnotes":""},"class_list":["post-4720","page","type-page","status-publish","hentry"],"publishpress_future_action":{"enabled":false,"date":"2026-04-26 11:00:01","action":"change-status","newStatus":"draft","terms":[],"taxonomy":"","extraData":[]},"publishpress_future_workflow_manual_trigger":{"enabledWorkflows":[]},"_links":{"self":[{"href":"https:\/\/www.kbv-middels.de\/WordPress\/wp-json\/wp\/v2\/pages\/4720","targetHints":{"allow":["GET"]}}],"collection":[{"href":"https:\/\/www.kbv-middels.de\/WordPress\/wp-json\/wp\/v2\/pages"}],"about":[{"href":"https:\/\/www.kbv-middels.de\/WordPress\/wp-json\/wp\/v2\/types\/page"}],"author":[{"embeddable":true,"href":"https:\/\/www.kbv-middels.de\/WordPress\/wp-json\/wp\/v2\/users\/1"}],"replies":[{"embeddable":true,"href":"https:\/\/www.kbv-middels.de\/WordPress\/wp-json\/wp\/v2\/comments?post=4720"}],"version-history":[{"count":9,"href":"https:\/\/www.kbv-middels.de\/WordPress\/wp-json\/wp\/v2\/pages\/4720\/revisions"}],"predecessor-version":[{"id":4961,"href":"https:\/\/www.kbv-middels.de\/WordPress\/wp-json\/wp\/v2\/pages\/4720\/revisions\/4961"}],"up":[{"embeddable":true,"href":"https:\/\/www.kbv-middels.de\/WordPress\/wp-json\/wp\/v2\/pages\/122"}],"wp:attachment":[{"href":"https:\/\/www.kbv-middels.de\/WordPress\/wp-json\/wp\/v2\/media?parent=4720"}],"curies":[{"name":"wp","href":"https:\/\/api.w.org\/{rel}","templated":true}]}}