{"id":3007,"date":"2018-08-08T19:48:47","date_gmt":"2018-08-08T17:48:47","guid":{"rendered":"http:\/\/www.kbv-middels.de\/WordPress\/?page_id=3007"},"modified":"2019-02-25T09:46:22","modified_gmt":"2019-02-25T08:46:22","slug":"bosselsaison-20172018-3","status":"publish","type":"page","link":"https:\/\/www.kbv-middels.de\/WordPress\/bosselsaison\/bosselsaison-20172018-3\/","title":{"rendered":"Bo\u00dfelsaison 2018\/2019"},"content":{"rendered":"<p>Hier k\u00f6nnt Ihr alle Mannschaften des KBV Middels einsehen, die in der Saison 2018\/2019 gestartet sind.<\/p>\n<ul>\n<li><a href=\"https:\/\/lkv-ostfriesland.bosselergebnis.info\/tabellen\/tabelle\/klassen_id\/124\/saison_id\/8\" target=\"_blank\" rel=\"noopener\">Bezirksklasse MI<\/a><\/li>\n<li><a href=\"https:\/\/www.kvaurich.bosselergebnis.info\/tabellen\/tabelle\/klassen_id\/384\/saison_id\/9\" target=\"_blank\" rel=\"noopener\">2. Kreisliga MI<\/a><\/li>\n<li><a href=\"https:\/\/www.kvaurich.bosselergebnis.info\/tabellen\/tabelle\/klassen_id\/381\/saison_id\/9\" target=\"_blank\" rel=\"noopener\">1. Kreisliga MII<\/a><\/li>\n<li><a href=\"https:\/\/lkv-ostfriesland.bosselergebnis.info\/tabellen\/tabelle\/klassen_id\/126\/saison_id\/8\" target=\"_blank\" rel=\"noopener\">Landesliga MIII<\/a><\/li>\n<li><a href=\"https:\/\/www.kvaurich.bosselergebnis.info\/tabellen\/tabelle\/klassen_id\/372\/saison_id\/9\" target=\"_blank\" rel=\"noopener\">2. Kreisliga MIV<\/a><\/li>\n<li><a href=\"https:\/\/lkv-ostfriesland.bosselergebnis.info\/tabellen\/tabelle\/klassen_id\/120\/saison_id\/8\" target=\"_blank\" rel=\"noopener\">Bezirksklasse FI<\/a><\/li>\n<li><a href=\"https:\/\/kvaurich.bosselergebnis.info\/tabellen\/tabelle\/klassen_id\/343\/saison_id\/9\" target=\"_blank\" rel=\"noopener\">1. Kreisklasse FI<\/a><\/li>\n<li><a href=\"https:\/\/kvaurich.bosselergebnis.info\/tabellen\/tabelle\/klassen_id\/349\/saison_id\/9\" target=\"_blank\" rel=\"noopener\">Kreisliga FIV<\/a><\/li>\n<li><a href=\"https:\/\/kvaurich.bosselergebnis.info\/tabellen\/tabelle\/klassen_id\/364\/saison_id\/9\" target=\"_blank\" rel=\"noopener\">m\u00e4nnl. Jugend E<\/a><\/li>\n<li>\u00a0<a href=\"https:\/\/kvaurich.bosselergebnis.info\/tabellen\/tabelle\/klassen_id\/357\/saison_id\/9\" target=\"_blank\" rel=\"noopener\">m\u00e4nnl. Jugend F Staffel II<\/a><\/li>\n<li><a href=\"https:\/\/kvaurich.de\/media\/Bosselsaison\/Ergebnisse_maennliche_Jugend_D_und_F.pdf\" target=\"_blank\" rel=\"noopener\">m\u00e4nnl. Jugend F 2. Kreisliga<\/a><\/li>\n<\/ul>\n\n<\/p>\n<p>Folgende Spielpl\u00e4ne sind online verf\u00fcgbar:<\/p>\n<ul>\n<li><a href=\"http:\/\/lkv-ostfriesland.de\/files\/Saison2018-2019\/LLMIII.pdf\" target=\"_blank\" rel=\"noopener\">Landesliga M III<\/a><\/li>\n<li><a href=\"http:\/\/lkv-ostfriesland.de\/files\/Saison2018-2019\/BKMI.pdf\" target=\"_blank\" rel=\"noopener\">Bezirksklasse MI<\/a><\/li>\n<li><a href=\"http:\/\/lkv-ostfriesland.de\/files\/Saison2018-2019\/Bezirksklasse_FrauenI.pdf\" target=\"_blank\" rel=\"noopener\">Bezirksklasse FI<\/a><\/li>\n<li><a href=\"https:\/\/kvaurich.de\/pages\/bosselsaison.php\" target=\"_blank\" rel=\"noopener\">Spielpl\u00e4ne KV Aurich<\/a><\/li>\n<\/ul>\n<p><a href=\"https:\/\/kvaurich.de\/media\/Bosselsaison\/Werferbestimmungen20172018_beschlossen_01.09.2017.pdf\" target=\"_blank\" rel=\"noopener\">Werferbestimmungen<\/a><\/p>\n<p>Erfahrungsgem\u00e4\u00df \u00e4ndern sich die Spielpl\u00e4ne unmittelbar vor der Saison des \u00d6fteren. Deshalb wird direkt auf die jeweiligen Webseiten verlinkt, die die Spielpl\u00e4ne ver\u00f6ffentlichen. Bitte schaut doch gelegentlich auf die verlinkte Website, um auf den aktuellen Stand zu bleiben.<\/p>\n<p>Verlinkung der <a href=\"https:\/\/www.kvaurich.bosselergebnis.info\/spielbetrieb\" target=\"_blank\" rel=\"noopener\">Ergebniseingabe <\/a>f\u00fcr den KV Aurich.<\/p>\n","protected":false},"excerpt":{"rendered":"<p>Hier k\u00f6nnt Ihr alle Mannschaften des KBV Middels einsehen, die in der Saison 2018\/2019 gestartet sind. Bezirksklasse MI 2. Kreisliga MI 1. Kreisliga MII Landesliga MIII 2. Kreisliga MIV Bezirksklasse FI 1. Kreisklasse FI Kreisliga FIV m\u00e4nnl. Jugend E \u00a0m\u00e4nnl. Jugend F Staffel II m\u00e4nnl. Jugend F 2. Kreisliga Folgende Spielpl\u00e4ne sind online verf\u00fcgbar: Landesliga &hellip; <\/p>\n<p class=\"link-more\"><a href=\"https:\/\/www.kbv-middels.de\/WordPress\/bosselsaison\/bosselsaison-20172018-3\/\" class=\"more-link\"><span class=\"screen-reader-text\">\u201eBo\u00dfelsaison 2018\/2019\u201c <\/span>weiterlesen<\/a><\/p>\n","protected":false},"author":1,"featured_media":0,"parent":122,"menu_order":0,"comment_status":"closed","ping_status":"closed","template":"","meta":{"_themeisle_gutenberg_block_has_review":false,"footnotes":""},"class_list":["post-3007","page","type-page","status-publish","hentry"],"publishpress_future_action":{"enabled":false,"date":"2026-04-26 12:40:15","action":"change-status","newStatus":"draft","terms":[],"taxonomy":"","extraData":[]},"publishpress_future_workflow_manual_trigger":{"enabledWorkflows":[]},"_links":{"self":[{"href":"https:\/\/www.kbv-middels.de\/WordPress\/wp-json\/wp\/v2\/pages\/3007","targetHints":{"allow":["GET"]}}],"collection":[{"href":"https:\/\/www.kbv-middels.de\/WordPress\/wp-json\/wp\/v2\/pages"}],"about":[{"href":"https:\/\/www.kbv-middels.de\/WordPress\/wp-json\/wp\/v2\/types\/page"}],"author":[{"embeddable":true,"href":"https:\/\/www.kbv-middels.de\/WordPress\/wp-json\/wp\/v2\/users\/1"}],"replies":[{"embeddable":true,"href":"https:\/\/www.kbv-middels.de\/WordPress\/wp-json\/wp\/v2\/comments?post=3007"}],"version-history":[{"count":16,"href":"https:\/\/www.kbv-middels.de\/WordPress\/wp-json\/wp\/v2\/pages\/3007\/revisions"}],"predecessor-version":[{"id":3792,"href":"https:\/\/www.kbv-middels.de\/WordPress\/wp-json\/wp\/v2\/pages\/3007\/revisions\/3792"}],"up":[{"embeddable":true,"href":"https:\/\/www.kbv-middels.de\/WordPress\/wp-json\/wp\/v2\/pages\/122"}],"wp:attachment":[{"href":"https:\/\/www.kbv-middels.de\/WordPress\/wp-json\/wp\/v2\/media?parent=3007"}],"curies":[{"name":"wp","href":"https:\/\/api.w.org\/{rel}","templated":true}]}}