{"id":16831,"date":"2025-09-07T07:08:56","date_gmt":"2025-09-07T05:08:56","guid":{"rendered":"https:\/\/www.kbv-middels.de\/WordPress\/?page_id=16831"},"modified":"2025-10-05T14:35:59","modified_gmt":"2025-10-05T12:35:59","slug":"bosselsaison-20252026","status":"publish","type":"page","link":"https:\/\/www.kbv-middels.de\/WordPress\/bosselsaison\/bosselsaison-20252026\/","title":{"rendered":"Bo\u00dfelsaison 2025\/2026"},"content":{"rendered":"<p>Hier k\u00f6nnt Ihr alle Mannschaften des KBV Middels einsehen, die in der Saison 2025\/2026 gestartet sind.<\/p>\n<ul>\n<li><a href=\"https:\/\/bosselergebnis.info\/2025-2026\/lkv\/liga\/m_i_1regionalliga\">Regionalliga M\u00e4nner 1<\/a><\/li>\n<li><a href=\"https:\/\/bosselergebnis.info\/2025-2026\/aur\/liga\/m_ii_3kreisliga\">3. Kreisliga M\u00e4nner II<\/a><\/li>\n<li><a href=\"https:\/\/bosselergebnis.info\/2025-2026\/aur\/liga\/m_iv_2kreisliga\">2. Kreisliga M\u00e4nner IV<\/a><\/li>\n<li><a href=\"https:\/\/bosselergebnis.info\/2025-2026\/aur\/liga\/m_v_kreisliga\">Kreisliga M\u00e4nner V<\/a><\/li>\n<li><a href=\"https:\/\/bosselergebnis.info\/2025-2026\/lkv\/liga\/w_i_bezirkslig\" target=\"_blank\" rel=\"noopener\">Bezirksliga Frauen I<\/a><\/li>\n<li><a href=\"https:\/\/bosselergebnis.info\/2025-2026\/aur\/liga\/w_i_3kreisliga\">3. Kreisliga Frauen I (AUR-NOR)<\/a><\/li>\n<li><a href=\"https:\/\/bosselergebnis.info\/2025-2026\/aur\/liga\/w_iv_kreisliga\">Kreisliga Frauen IV<\/a><\/li>\n<li><a href=\"https:\/\/bosselergebnis.info\/2025-2026\/aur\/liga\/m_b_kreisliga\">Kreisliga m\u00e4nnl. Jugend B<\/a><\/li>\n<li>Kreisliga weibl. Jugend B<\/li>\n<li><a href=\"https:\/\/bosselergebnis.info\/2025-2026\/aur\/liga\/m_c_kreisliga\" target=\"_blank\" rel=\"noopener\">Kreisliga m\u00e4nnl. Jugend C<\/a><\/li>\n<li><a href=\"https:\/\/bosselergebnis.info\/2025-2026\/aur\/liga\/w_d_kreisliga\" target=\"_blank\" rel=\"noopener\">Kreisliga weibl. Jugend D (mit w. Jgd. E)<\/a><\/li>\n<li><a href=\"https:\/\/bosselergebnis.info\/2025-2026\/aur\/liga\/m_e_kreisliga_staffel2\" target=\"_blank\" rel=\"noopener\">Kreisliga m\u00e4nnl. Jugend E -Staffel II-<\/a><\/li>\n<li><a href=\"https:\/\/bosselergebnis.info\/2025-2026\/aur\/liga\/w_f_kreisliga\" target=\"_blank\" rel=\"noopener\">Kreisliga weibl. Jugend F<\/a><\/li>\n<\/ul>\n<p style=\"text-align: center;\"><\/p>\n<p>S\u00e4mtliche Spielpl\u00e4ne auf KV Aurich &#8211; Ebene sowie sonstige Infos sind <a href=\"https:\/\/kvaurich.de\/pages\/bosselsaison.php\" target=\"_blank\" rel=\"noopener\">hier<\/a> einsehbar.<\/p>\n<p>Erfahrungsgem\u00e4\u00df \u00e4ndern sich die Spielpl\u00e4ne unmittelbar vor der Saison des \u00d6fteren. Deshalb wird direkt auf die jeweiligen Webseiten verlinkt, die die Spielpl\u00e4ne ver\u00f6ffentlichen. Bitte schaut doch gelegentlich auf die verlinkte Website, um auf den aktuellen Stand zu bleiben.<\/p>\n<p>Verlinkung der <a href=\"https:\/\/bosselergebnis.info\/login\" target=\"_blank\" rel=\"noopener noreferrer\">Ergebniseingabe <\/a>f\u00fcr den KV Aurich \/ LKV Ostfriesland.<\/p>\n","protected":false},"excerpt":{"rendered":"<p>Hier k\u00f6nnt Ihr alle Mannschaften des KBV Middels einsehen, die in der Saison 2025\/2026 gestartet sind. Regionalliga M\u00e4nner 1 3. Kreisliga M\u00e4nner II 2. Kreisliga M\u00e4nner IV Kreisliga M\u00e4nner V Bezirksliga Frauen I 3. Kreisliga Frauen I (AUR-NOR) Kreisliga Frauen IV Kreisliga m\u00e4nnl. Jugend B Kreisliga weibl. Jugend B Kreisliga m\u00e4nnl. Jugend C Kreisliga weibl. &hellip; <\/p>\n<p class=\"link-more\"><a href=\"https:\/\/www.kbv-middels.de\/WordPress\/bosselsaison\/bosselsaison-20252026\/\" class=\"more-link\"><span class=\"screen-reader-text\">\u201eBo\u00dfelsaison 2025\/2026\u201c <\/span>weiterlesen<\/a><\/p>\n","protected":false},"author":1,"featured_media":0,"parent":122,"menu_order":0,"comment_status":"closed","ping_status":"closed","template":"","meta":{"_themeisle_gutenberg_block_has_review":false,"footnotes":""},"class_list":["post-16831","page","type-page","status-publish","hentry"],"publishpress_future_action":{"enabled":false,"date":"2026-04-26 12:39:02","action":"change-status","newStatus":"draft","terms":[],"taxonomy":"","extraData":[]},"publishpress_future_workflow_manual_trigger":{"enabledWorkflows":[]},"_links":{"self":[{"href":"https:\/\/www.kbv-middels.de\/WordPress\/wp-json\/wp\/v2\/pages\/16831","targetHints":{"allow":["GET"]}}],"collection":[{"href":"https:\/\/www.kbv-middels.de\/WordPress\/wp-json\/wp\/v2\/pages"}],"about":[{"href":"https:\/\/www.kbv-middels.de\/WordPress\/wp-json\/wp\/v2\/types\/page"}],"author":[{"embeddable":true,"href":"https:\/\/www.kbv-middels.de\/WordPress\/wp-json\/wp\/v2\/users\/1"}],"replies":[{"embeddable":true,"href":"https:\/\/www.kbv-middels.de\/WordPress\/wp-json\/wp\/v2\/comments?post=16831"}],"version-history":[{"count":12,"href":"https:\/\/www.kbv-middels.de\/WordPress\/wp-json\/wp\/v2\/pages\/16831\/revisions"}],"predecessor-version":[{"id":17213,"href":"https:\/\/www.kbv-middels.de\/WordPress\/wp-json\/wp\/v2\/pages\/16831\/revisions\/17213"}],"up":[{"embeddable":true,"href":"https:\/\/www.kbv-middels.de\/WordPress\/wp-json\/wp\/v2\/pages\/122"}],"wp:attachment":[{"href":"https:\/\/www.kbv-middels.de\/WordPress\/wp-json\/wp\/v2\/media?parent=16831"}],"curies":[{"name":"wp","href":"https:\/\/api.w.org\/{rel}","templated":true}]}}